 (0 - (u - -2))*152/(-12). Calculate the greatest common factor of p and 114.
38
Let d(k) = k**3 + 11*k**2 + 7*k + 37. Let b be d(-11). Let z = b + 64. Calculate the highest common factor of 36 and z.
12
Suppose 5*i = d - 162, -3*d + 3*i + 267 = -195. Let w = 22 + -14. What is the highest common divisor of w and d?
8
Suppose 15 = -83*f + 9311. What is the highest common factor of f and 119?
7
Let y(p) = -p**3 + 23*p**2 - 66*p - 11. Let j be y(15). What is the highest common divisor of 329 and j?
47
Let b be 1083888/286 + 4/22 - (-10 - -19). Calculate the greatest common divisor of 133 and b.
19
Let x be 119*((-3377)/(-77) - (175/(-5))/(-5)). Calculate the greatest common factor of x and 204.
102
Let j = -3762 - -4104. Calculate the highest common divisor of 266 and j.
38
Let y be (26/(-8) + (-87)/(-116))*178. Let k = y + 446. What is the greatest common divisor of k and 7?
1
Let x be 92 + -4 + 1 + -5. Suppose 0 = 8*b - 14*b + 252. What is the greatest common factor of b and x?
42
Suppose 759 = 40*p - 2072 + 511. What is the greatest common divisor of p and 40?
2
Let m(n) = -n**3 - 12*n**2 + 7*n - 6. Let h be (5/5)/(1/(-13)). Let d be m(h). What is the highest common divisor of d and 36?
36
Let p be (-1170)/(-9) + 6 - (-9 + (-10)/(-5)). Let y = 46 - 33. What is the greatest common factor of p and y?
13
Suppose 12*g - 213*h + 217*h = 184, -2*h + 44 = 3*g. Let p = -94 + 238. Suppose p = i - 0*i. Calculate the greatest common divisor of i and g.
16
Let r(l) = l**3 + 18*l**2 - 17*l + 43. Let x be r(-19). Let o be (-2 - (-91 + 0)) + 5/x. Suppose 4 = d - 41. Calculate the greatest common divisor of o and d.
45
Let q be 1 - (-18 + 0) - -1. Let h = q + -8. Let t = -778778 - -778798. What is the greatest common factor of t and h?
4
Let n = -1083 - -1311. What is the highest common factor of 532 and n?
76
Suppose 1 - 35 = -17*x. Suppose 5*c + x*q + 10 = 7*q, -c = 5*q - 22. Suppose -2*u - 3*w + 44 = 18, w = u - 18. Calculate the greatest common divisor of c and u.
2
Let a = 5 - 3. Suppose -3*t - 357 - 140 = -4*m, -2*t = -a. Let l = -46317 - -46342. Calculate the highest common divisor of l and m.
25
Let u be 0 - 0 - 1/3*12. Let c(n) = -11*n - 42. Let z be c(u). Calculate the highest common factor of z and 18.
2
Let f be 33*5/(-135) - (-2)/9. Let k be (16/(-24))/(f/141). Calculate the highest common factor of k and 329.
47
Let d(m) = -23*m + 6. Let r be (0 + 10)*(-34)/85. Let z be d(r). Calculate the greatest common factor of z and 2.
2
Let d be (1/(-2))/((-2)/32). Let p(c) = 17*c - 124. Let b be p(8). Let u be b/(-16) + 57/12. What is the highest common divisor of d and u?
4
Let z(d) = 3*d + 30. Let u be z(0). Suppose 2*x + 27 = 3*i, -x - 5*i = 4*x + u. Let r = 37 + x. What is the highest common divisor of 4 and r?
4
Let y be (1*-7)/((-3)/33). Suppose -1169 + 1257 = 8*h. What is the highest common divisor of h and y?
11
Let c = 3208 - 2944. Calculate the greatest common factor of 6 and c.
6
Suppose 74 = n - 38. Let i = n + -76. Suppose -3*u + 5*t + 90 = 0, -t = -12*u + 3*u - 4*t + 432. What is the greatest common divisor of i and u?
9
Let f(t) = 3*t**2 - 55*t - 4 + 27*t + 27*t. Let s be f(3). Let z be (-2)/4 - 42/(-4). What is the highest common factor of z and s?
10
Let r(g) = -g**3 + 10*g**2 - 10*g + 21. Let x = -30 - -44. Let z = 23 - x. Let v be r(z). Calculate the greatest common divisor of v and 36.
12
Suppose -64 = -4*b + 56. Let h = b + -16. Suppose 0 = -h*m + 11 + 59. Calculate the greatest common factor of m and 15.
5
Let x(y) = y**3 + 8*y**2 - 11*y + 9. Let q be -5 - (5 - 4/4). Let h be x(q). What is the highest common divisor of h and 270?
27
Let d be 95*12*(-8)/256*-16. Calculate the greatest common factor of d and 150.
30
Suppose -1063 = -27*d + 368. What is the highest common divisor of 2491 and d?
53
Let w be (-56)/21*36/(-2). Let r be 15330/292*(-16)/(-14). What is the highest common factor of r and w?
12
Suppose 0 = 3*c - 2*s - 9442, 0 = -4*c + 25*s - 21*s + 12584. Calculate the highest common factor of c and 224.
14
Let s be (-4 - -1 - -3) + 8. Let r be -10*(0 - (-10)/15)*-3. Calculate the highest common factor of s and r.
4
Suppose -63801 = -151*q - 266*q. Calculate the greatest common divisor of 697 and q.
17
Let d be (-12)/(-27) - 4/9. Suppose d = 3*x - 4*z - 3244, 0*x - x + 1098 = 2*z. What is the greatest common factor of x and 68?
68
Let y = -88 + 128. Let k = -102406 - -103326. Calculate the greatest common factor of y and k.
40
Let r = 747 - 1464. Let u = r + 729. Calculate the greatest common factor of 252 and u.
12
Let a = 57 - 63. Let o be (-99)/a*(-6)/(-3). What is the greatest common divisor of 363 and o?
33
Suppose -5*f - 39 = 3*h - 4*h, -4*h = 3*f - 87. Let s = -267 - -276. Calculate the greatest common factor of s and h.
3
Suppose u = -5*r + 155, 18*u - 103 = -4*r + 13*u. Suppose 3*t - 2*t = -1. Let d be r - -2 - (3 + -3 + t). Calculate the greatest common divisor of d and 5.
5
Let k be (-16 + -11)*((-1)/1)/(6/146). Calculate the highest common factor of k and 36.
9
Suppose 0 = -17*l + 3*l + 27349 - 4809. What is the highest common factor of 770 and l?
70
Let t be (4/6)/(4/36). Let z(p) = 4*p + 22. Let j be z(-5). Suppose 5*l + 4*w = 18, -3*l - j*l + 3*w + 39 = 0. Calculate the greatest common divisor of t and l.
6
Suppose 4392*b - 189 = 4365*b. Let d = -318 + 507. Calculate the greatest common divisor of b and d.
7
Let s be 852*8/456*19. What is the greatest common factor of s and 8?
4
Let h be (-2)/4 + -3*(-2)/12. Let v be 26 + h - (-11 + 15). Let j(g) = 9*g**2 - 14*g + 22. Let k be j(4). Calculate the highest common factor of k and v.
22
Let u be ((-56160)/(-325))/((-6)/(-200)). Calculate the greatest common factor of 180 and u.
180
Suppose -29281 - 24367 = -17*c + 1330. What is the highest common divisor of c and 330?
66
Let a(l) = 2*l - 13. Let u be a(13). Let k = 24 + -11. Calculate the highest common divisor of k and u.
13
Let v(t) = 2*t + 15*t**2 - t**3 - 17 - t**2 + 0*t**2. Suppose -728 = -27*n - 25*n. Let r be v(n). What is the greatest common divisor of r and 11?
11
Let t = -7365 - -8894. What is the greatest common divisor of 44 and t?
11
Suppose d + 4 = f, 2*d - 28 = -3*f - f. What is the highest common factor of 114 and f?
6
Let q be (-1408)/(-6)*1206/268. Calculate the greatest common factor of 1716 and q.
132
Suppose -3*n - 2*o = o - 42, 0 = 5*n - o - 40. Let v be (30/n)/10 - 1822/(-6). What is the greatest common factor of v and 16?
16
Let o(v) = 47*v - 1867. Let z be o(40). Let m be (26/7)/(1/7). Calculate the highest common factor of z and m.
13
Suppose -14*v = -5*v - 54. Let m = -38 + v. Let w = m - -92. What is the greatest common divisor of 6 and w?
6
Let m be (-256)/(-14) - (-2)/(-7). Let q(a) = -61*a**2 + 926*a - 157. Let c be q(15). Calculate the highest common divisor of c and m.
2
Suppose -23*y + 22*y = -5*v + 1404, -y - 1124 = -4*v. What is the greatest common divisor of v and 100?
20
Suppose 72 = j + 2*j. Suppose -5*i = 20, 5*t - 5*i - 124 = 16. Suppose 3*f + t = 7*f. Calculate the greatest common factor of f and j.
6
Suppose -v + 3*v - 264 = 0. Suppose -t + 2*t = v. Let m(w) = 13*w**2 + 691*w + 118. Let g be m(-53). Calculate the highest common factor of t and g.
12
Suppose 2*g - 18 = 24. Let i = g + -7. Let a be (72/(-42))/((-2)/i). Calculate the greatest common divisor of a and 12.
12
Let x be (9/6)/(6/(-8)). Let t be 0 + x + (2 - -8). Suppose 9638*c = 9750*c - 3136. What is the greatest common factor of t and c?
4
Suppose 3*s = 8*h - 7*h + 166, -2*h = 8. Let v be 1445/3 - 36/s. What is the greatest common divisor of v and 26?
13
Let k = 1150 + -925. Suppose 0 = 2*g - 4*g + 36. Calculate the highest common divisor of g and k.
9
Let u be ((-79)/(-2) + 3)/(8 + 815/(-102)). What is the greatest common divisor of 30 and u?
15
Let i be (130/(-20) - -4)*(-6)/(-15)*-88. What is the greatest common factor of 236 and i?
4
Suppose -424 = 4*c - 128. Let k = 2593 + -2449. Let s = c + k. What is the greatest common factor of 28 and s?
14
Let z = 8631 - -38596. Calculate the highest common factor of 83 and z.
83
Suppose -3*t = -3*y + 1695 - 207, 480 = y - 5*t. Suppose -4*z - 5*f = -y, -3*z - 4*f - 344 = -6*z. Calculate the greatest common divisor of z and 15.
15
Let u(t) = -t + 117. Let o be u(56).